7*m - 6. Let x be s(8). Let g = -10 - x. What is the units digit of u(g)?
8
Let i be ((-2)/6)/(7/21). What is the units digit of 25 - (i - 0/2)?
6
Let p(z) be the third derivative of -z**5/60 - 7*z**4/24 + z**3/2 - 2*z**2. Let c be p(-7). What is the tens digit of 3*1/c + 11?
1
Let c be 2 + (2 - 20) + 2. Let w = -20 - c. What is the units digit of 3*(-2)/w - 0?
1
Suppose -5*y = -0*s + s - 120, 26 = 2*y - 4*s. What is the tens digit of y?
2
Let s(g) = 24*g**2 + 5*g - 2. What is the tens digit of s(-2)?
8
Suppose -4*h - 12 = 4*f, -2*f + 23 + 6 = -5*h. Let i = h + 8. Suppose k + i = -0*k, 30 = 5*p - 5*k. What is the units digit of p?
3
What is the hundreds digit of -252*(-4 + 4 - 1)?
2
Let b = -6 - -9. What is the units digit of b?
3
Let z(s) = -2*s - 1. Let l be 20/(-6) - (-2)/6. What is the units digit of z(l)?
5
Let i be ((-6)/9)/((-4)/6). Let f = i - -1. Suppose 4*r = 2*m + 48, -3*m - 31 - f = -3*r. What is the units digit of r?
3
Suppose x = -40 - 40. What is the units digit of x/(-6) - (-11)/(-33)?
3
What is the units digit of 3 - 0 - (-71 - 2)?
6
Let v(x) = -x**2 + 10*x - 11. Let q be 2/3*(11 - -4). Let b = 18 - q. What is the units digit of v(b)?
5
Let t be (60/(-70))/((-2)/(-14)). What is the units digit of (-6)/5*140/t?
8
Suppose -3*i = -3*k - 153, -3*k - 245 = -3*i - 2*i. What is the units digit of i?
6
Let k be -5 + 3 + 5 + -7. What is the tens digit of (-6)/12 - 94/k?
2
Let w(p) = -2*p - 2. Suppose 0 = -8*f + 2*f - 30. What is the units digit of w(f)?
8
Let k be (18/15)/((-6)/(-15)). Suppose 2*u = 3*u - k. What is the units digit of u?
3
Let c be 0 + (-1)/(-2)*4. Suppose -c*l + y + 10 = -0, 5*y = -2*l - 14. What is the units digit of l?
3
Suppose c - 1 = v + 1, 4*v = 2*c - 4. Suppose 0 = -d + c*d. Suppose -b + 8 = -d. What is the units digit of b?
8
Let b(i) = 2*i**2 - 7*i + 19. What is the hundreds digit of b(-8)?
2
Suppose 0*n - 89 = -3*n + r, 135 = 5*n + r. Suppose n = -z + 2*z. What is the units digit of z?
8
Suppose -2*t = t + 9. Let w = t + 7. What is the units digit of (w/6)/(1/3)?
2
Suppose 2 = -2*c - 0. Let k be 3/(-3)*(1 + c). What is the units digit of (-1 - k)*(1 + -12)?
1
Suppose -23 - 9 = -r. Suppose 0 = m - f - 17, -4*m = -3*m + 2*f - r. What is the units digit of m?
2
Let z(j) = -17*j - 20. What is the units digit of z(-16)?
2
Let q = 2 + -5. Suppose 4*k - 8 = 8. Let f = k + q. What is the units digit of f?
1
Let m(x) = x**2 + x - 1. Let c = -1 + 4. What is the tens digit of m(c)?
1
Suppose 5*b + 3 = 13. Suppose 0 = b*y - 5*y + 5*o - 73, -2*o = -10. What is the units digit of y/(-5) - (-1)/(-5)?
3
Let y = 90 + -63. Let u = y + -8. What is the units digit of u?
9
Let f = 8 - 3. Suppose -4*n = 16, -3*n - 70 = -f*g + 47. Let i = g + -1. What is the tens digit of i?
2
Let b = 4 + -4. Suppose 1 = z - b. What is the units digit of (21/3 + 1)*z?
8
Let a = 3 + -1. Suppose -2*o - 3*w = -34, -4*w = a + 6. What is the units digit of o?
0
Let c(z) = -z**3 - 6*z**2 + z - 10. Let y be c(-7). What is the tens digit of (-30)/(-4)*y/24?
1
Let v(m) = -m + 18. What is the units digit of v(13)?
5
Suppose 5 + 0 = -5*v. Let m be (11/4)/(v/4). Let g = -8 - m. What is the units digit of g?
3
Suppose -54 = -3*q + 69. What is the units digit of q?
1
Let z = 11 + -3. Suppose 5*f - 4 = 6. Suppose f*j - 3*j = -z. What is the units digit of j?
8
Let s(o) = 3*o + 17. Let n(z) = -z - 8. Let q(x) = -5*n(x) - 2*s(x). What is the units digit of q(5)?
1
Let q = 0 - -1. Let r be ((-25)/(-4))/(q/4). Suppose 3*u = -2*u + r. What is the units digit of u?
5
What is the units digit of -20*((-2)/2 + (-63)/6)?
0
Let i be (0*2/8)/(-1). Suppose i = -x + 14 + 12. What is the tens digit of x?
2
Suppose -2*d + d = -2. What is the units digit of d?
2
Let w = 5 + -2. Suppose -5*n - w + 18 = 0. Suppose 66 = 5*d - 4*h, -n*d + h = 3*h - 22. What is the units digit of d?
0
Suppose -3*f + 4*y + 111 = 0, -88 = -2*f - 0*f - 2*y. What is the units digit of f?
1
Let l = 85 + -50. Let k = l + 4. What is the tens digit of k?
3
Suppose -15 = 3*r, v + 3*r + 2 = -0*v. What is the tens digit of v?
1
Let s be -1 + 0 + (-21)/(-3). Suppose 0*g - s = 4*g + 5*j, 4*j - 20 = 3*g. Let u = g - -8. What is the units digit of u?
4
Suppose 3 = h + 1. Let z = 1 + h. What is the units digit of z?
3
Let l(b) = b + 21. What is the units digit of l(-10)?
1
Let y(o) be the third derivative of -1/6*o**3 + 0*o + 1/60*o**5 + 5/24*o**4 + 0 - 2*o**2. What is the units digit of y(-6)?
5
Suppose -4*q = -5*c - 183 - 344, -5*q - 2*c = -634. What is the hundreds digit of q?
1
Let r(b) = 2*b - 14. What is the units digit of r(11)?
8
Let z(s) = 2*s + 0*s**2 + 8*s**2 + 6 + s**3 + 6*s. Let k be z(-6). What is the units digit of 12/5*k/9?
8
Suppose -6*o = -2*o - 68. Let n = o - 31. What is the units digit of (-6)/n + 36/14?
3
Suppose -90 = 9*b - 15*b. What is the tens digit of b?
1
Suppose -4*p + 2*p + 344 = 4*x, -p = 4*x - 344. What is the units digit of x?
6
Suppose -4*u + 19 = 3*s, -2 = -4*u + 2. What is the units digit of (-4 + 2)/(-1) + s?
7
Let i(a) = a**2 + 9*a - 6. Let c be i(-6). Let b = -12 - c. What is the units digit of b?
2
Let r = 1 + -2. Let v be (-1)/(r + 6/9). Suppose v + 17 = 2*b. What is the units digit of b?
0
Let u = 2 - 2. Suppose -2*d + 0*d = u. What is the units digit of 3 + (2 - (4 - d))?
1
Let r = -54 + 111. What is the tens digit of r?
5
Let v(d) = -d**3 - 6*d**2 + 6*d - 4. Let u be v(-7). Suppose -u*k = -k. What is the units digit of (-15)/(-9)*3 + k?
5
Suppose 0 = j + j - 32. What is the units digit of j?
6
Let f(z) = z + 3*z**2 - z**2 + 0 + 7*z**3 + 1 - 3*z. What is the units digit of f(1)?
8
Let c = 170 - 146. What is the units digit of c?
4
Let c be (2/(-4))/(5/20). Let f = 11 + c. What is the units digit of f?
9
Let x = 11 + -8. Let k(n) = -n**3 + 4*n**2 - n - 2. Let v be k(x). Suppose h - 4*j = 0, 7 - 63 = -v*h + 2*j. What is the units digit of h?
6
Let b(v) be the second derivative of -4*v**3/3 + v**2/2 - v. Suppose -6*p - 11 + 5 = 0. What is the units digit of b(p)?
9
Let r(q) = q**2 - 8*q + 10. What is the units digit of r(7)?
3
Let u = 4 + -6. What is the units digit of u/5*(-2 - 23)?
0
Suppose d - 8 = -3*d. Suppose -5*m - 354 = 246. What is the units digit of d/(-2)*m/6?
0
Let q(t) = t**2 - 1. Let j be q(4). Suppose j = 6*h - 5*h. What is the units digit of h?
5
Let c(f) = -2*f - 3. Let v(a) = -a**2 - 6*a. Let m be v(-6). Suppose 4*s + 48 = -m*s. What is the units digit of c(s)?
1
What is the units digit of 4/((-8)/(-60)*6)?
5
Suppose -f + 20 = 4*f. Suppose 2*n = 5*g - f*g - 16, 5*n = 2*g - 39. Let l = -4 - n. What is the units digit of l?
3
Let c be 0 + 1 - (2 - 33). What is the tens digit of (-2 - 1)*1 + c?
2
Let f(v) = v + 8. Let y be f(0). Let t be -2*(-6)/4 - 22. What is the units digit of t/(-3) + y/12?
7
Let l(v) = 2*v**3 + 2*v**2 - 3*v. Let z be 6/14 - 11/(-7). What is the tens digit of l(z)?
1
Let r be 1/3*3 - -5. Suppose -r*b + 4*b - 2*o + 38 = 0, 2*b + 3*o = 35. Let g = -14 + b. What is the units digit of g?
8
Let u be 4/10 + (-165)/(-25). Let z = -5 + u. What is the units digit of 1/z - (-22)/4?
6
Suppose 4*y + 26 = 2*p - 6, -3*p - 3*y + 66 = 0. Let k = p + -5. Let q = k + -2. What is the units digit of q?
3
Let n(p) = p + 4. Let z be n(7). What is the tens digit of (-3 - -3 - -2) + z?
1
Let d(m) be the second derivative of -m**4/12 + 3*m**3/2 + 5*m**2 - 2*m. Suppose 5*c = 3*y + 45, -c = -y + 4*y - 9. What is the units digit of d(c)?
0
Let g(q) = q**3 + 13*q**2 + 11*q - 13. Let y be g(-12). Let k be -3 - (y - (4 + -1)). Suppose -8 - k = -3*x. What is the units digit of x?
3
Let n(w) = 5*w + 2. Let l be n(-7). What is the tens digit of l/(-3) + 0 + 1?
1
Suppose 0 = -4*z + 3 + 13. Let w(k) = -k**2 + 4*k + 4. What is the units digit of w(z)?
4
Suppose 0*b = -2*b + 6. Suppose 5*j = b - 18, 3*d - 3*j - 27 = 0. What is the units digit of d?
6
Suppose 5*x - 4 = 6. What is the units digit of (-1 + -1 + 3)*x?
2
Let i(y) = -y**3 + 6*y**2 + 7*y + 1. Let z(q) = q**3 - q**2 - 4*q + 1. Let o be z(3). Let a be i(o). Suppose -a = l - 3. What is the units digit of l?
2
What is the units digit of -62*(15/(-10))/1?
3
Suppose d = 7*d - 354. What is the tens digit of d?
5
Let c = 484 + -333. What is the hundreds digit of c?
1
Let f(k) = 27*k**3 + k**2. What is the tens digit of f(